= -g. Let d = z + h. What are the prime factors of d?
3
Let x be (3/3)/(4/28). List the prime factors of x - -2*2/4.
2
Let i(a) = 5*a - 3. Let u be i(2). Suppose 3*k - 20 - u = 0. Let o = k + 1. List the prime factors of o.
2, 5
Let g = 39 - 57. Suppose 2*t + 231 = -5*t. Let n = g - t. What are the prime factors of n?
3, 5
Let f = -110 + 289. List the prime factors of f.
179
Let h = -7 + 4. Suppose 0 = 4*i - 2*t - 22, 3*t - 15 = -0*t. Let p = i + h. What are the prime factors of p?
5
List the prime factors of (-3*5)/((-4)/20).
3, 5
Let d(v) = v**2 + 7*v + 2. Let s be d(-7). Suppose 0 = -3*t - s*t + 65. List the prime factors of t.
13
Suppose 2*f + 2*f = -4*k + 20, -3*k = -f + 25. List the prime factors of (-310)/(-25) + (-4)/f.
2, 3
Suppose -154 = -5*f + 151. List the prime factors of f.
61
Suppose -2*r + 2 = -r, -4*z = r - 10. List the prime factors of 1 - ((z - 2) + -21).
2, 11
Let y(s) = -2*s - s**2 - s**2 - 7*s**3 + 0 + 3 + 8*s**3. Let u be 14/4 + 2/(-4). What are the prime factors of y(u)?
2, 3
Suppose 0 = -3*f + 8 + 4. Suppose -f*k - n + 21 = 0, -n = 5*k - 5*n. Suppose -2*g + 4*g + 3*z - 18 = 0, -3*g = -k*z - 10. What are the prime factors of g?
2, 3
Suppose 0 = -2*q - 2*q - 316. Let r = -49 - q. List the prime factors of r.
2, 3, 5
Suppose -2*p - p = 0, -4*i + 8 = -2*p. Suppose 2*v = 23 + 1. Suppose m - v = -i*m. What are the prime factors of m?
2
Suppose -3*z = -j + 41 + 35, 3*z + 277 = 4*j. List the prime factors of j.
67
Suppose 26 = 4*f + 2*p, 0 = 2*f - p - 4*p + 5. Suppose z = -2, -4*w - f*z + 21 = -81. Suppose -2*c - 2*c + w = 0. What are the prime factors of c?
7
Let l = -13 - -29. List the prime factors of l.
2
Suppose 2*g - 44 - 33 = 5*z, 0 = -5*g - z + 206. What are the prime factors of g?
41
Suppose 6 = -2*i - 4. Let j(n) = n**3 + 6*n**2 + 3*n - 3. List the prime factors of j(i).
7
Let z = 1 - -10. Let x = 17 - z. Suppose -19 = -o - x. List the prime factors of o.
13
Let g = 5 + -9. What are the prime factors of (-50)/g*96/30?
2, 5
What are the prime factors of 1*166*(2 - 7)/(-10)?
83
Suppose -3*s + 0*s - 40 = -5*u, -4*s + 42 = 2*u. Let t(r) = 3*r + 6. Let b be t(-4). Let w = b + u. List the prime factors of w.
5
Suppose -2*b + 0*q + 28 = -4*q, -b - 3*q + 39 = 0. Suppose -2*m - m = -b. Suppose m = 2*k - k. What are the prime factors of k?
2
Let u = -5 - 6. Let d = -1 - u. What are the prime factors of d?
2, 5
Suppose -4*c + 0 = -4. Suppose 0 = 2*g - 65 + c. List the prime factors of g.
2
Let s(r) = 35*r**2 - 5*r - 5. What are the prime factors of s(-2)?
5, 29
Suppose 93 = 4*s - 11. Suppose -u - a + s = -5*a, 2*u = -3*a - 3. What are the prime factors of u?
2, 3
Let v(c) = c**2 - 4*c - 5. Let g be v(6). Let h(w) = w**2 - 8*w + 6. Let i be h(g). List the prime factors of i + -1 + 1 + 6.
5
Suppose -3*m = -2*j + 26, -2*j = 2*m + 3*j - 8. Let l be (-1)/(0 - (-2)/m). Suppose -3*a = -12 - l. What are the prime factors of a?
5
Let s be 0/(2 + 0 - 5). What are the prime factors of (s + -3)*8/(-6)?
2
Let j(o) = -25*o**3 - o**2 + 2*o + 1. Let y(r) = r**3 - 10*r**2 + 9*r - 1. Let q be y(9). What are the prime factors of j(q)?
23
Let h(f) = f**2 + 10 - 3*f**3 - 2*f**3 - 5 + 4*f**3. List the prime factors of h(0).
5
Let l(v) = -137*v**3. What are the prime factors of l(-1)?
137
Let i = -11 + -2. Let f = 14 - i. What are the prime factors of f?
3
Let p(t) be the second derivative of t**3/2 - 5*t**2/2 + t. Let s = -49 + 54. What are the prime factors of p(s)?
2, 5
Let w(o) = 3*o**2 + 6*o + 1. Let s be w(-4). Let y = s + -13. Suppose -3*v = r - y - 4, -v = -3*r + 8. What are the prime factors of v?
2
Suppose -4*z + 5 = -5*z. Let t be 2/5 + 87/z. Let f = t - -24. What are the prime factors of f?
7
Let l(x) = -3*x - 5. Let p be l(-3). Let r(y) be the third derivative of y**6/120 - y**5/20 - 2*y**3/3 - y**2. List the prime factors of r(p).
2, 3
Let m be 7/7 + 22*1. Suppose 0 = -f + 3*s + m, 5*s - 2*s = -3*f + 45. What are the prime factors of f?
17
Suppose 2*l + 6 + 2 = -3*a, -3*a = 4*l + 4. List the prime factors of l.
2
Let w(n) be the third derivative of -3*n**2 + 0*n - 1/12*n**4 + 0 + 0*n**3. List the prime factors of w(-7).
2, 7
Suppose 2*v = -v + 18. List the prime factors of 4/v*156/8.
13
Let n(i) = -i**3 + 15*i**2 + 6*i - 3. List the prime factors of n(15).
3, 29
Let f = 76 + -11. Suppose -f = -2*w - 11. Suppose v + 2*v = w. List the prime factors of v.
3
Suppose 0 = 123*w - 119*w - 332. What are the prime factors of w?
83
Suppose 5*x = -4*a + 10, -3*a + 2 = -4*x + 10. List the prime factors of -1 + (x - (-8 - -1)).
2
Let q(b) = -b**3 + 7*b**2 + b + 8. List the prime factors of q(4).
2, 3, 5
Suppose -h = -x + 346 + 4, 2*x - 695 = h. What are the prime factors of x?
3, 5, 23
Let s(c) = c**3 + 6*c**2 + 4*c - 3. What are the prime factors of s(-4)?
13
Let k(s) = s**3 - 7*s**2 - 6*s + 11. Let v = 10 - 2. Let q be k(v). Suppose 3*y + 0*y - q = 0. List the prime factors of y.
3
Suppose -84 = -5*c + 4*l, c - 2*l - 4 = 2*l. Let u = c - 5. List the prime factors of u.
3, 5
List the prime factors of -1*(7 - 26)*11*1.
11, 19
Let g be 6/(-12) + (-38)/(-4). Suppose 2*a - g = 1. Suppose a*f = f + 56. What are the prime factors of f?
2, 7
Let w(y) = y**3 - 5*y**2 + 4*y + 2. Let s be w(4). Suppose -g - 25 = -6*g. Suppose s*x = g*x - 18. List the prime factors of x.
2, 3
Suppose -3*r + 620 = -2*a, 3*a = 5*r + a - 1040. List the prime factors of r.
2, 3, 5, 7
Let s = 8 + -7. Let t = s - 1. Suppose 5*l = -2*k - t*k + 10, -5*l = -4*k + 20. What are the prime factors of k?
5
Suppose 3*j - 1 + 10 = 0. Let x = -3 - j. Suppose u - 16 = -3*u - 2*m, x = -3*u - 5*m + 5. What are the prime factors of u?
5
Let t(i) be the third derivative of -7*i**4/24 - i**3/3 - i**2. List the prime factors of t(-2).
2, 3
Let j(i) = i**3 - i**2 - i - 39. Let h be j(0). Let k = -15 - h. List the prime factors of k.
2, 3
Let n = -31 + 21. Let z = -1 - n. What are the prime factors of z?
3
Suppose -2*x + 31 + 3 = 0. What are the prime factors of x?
17
Let q = -5 - -7. Let s be (7 + -1)/q + -1. Suppose -2*m - 5*g + 56 = 0, -2*m + 0*g = -s*g - 28. List the prime factors of m.
2, 3
Suppose 55 = 3*o - 2*v, -9 = -o - 4*v - 0. List the prime factors of o.
17
Let i(y) = 3*y + 1. Let j be i(-6). Let n = 24 + j. List the prime factors of n.
7
Suppose 2 = 3*o - 19. Let r = -20 + 18. What are the prime factors of r/2 + 28/o?
3
Let f(t) be the second derivative of 0 + 11/6*t**3 - 1/12*t**4 - 2*t - 5/2*t**2. What are the prime factors of f(10)?
5
Let s(w) be the second derivative of -w**5/10 - w**4/3 + w**2 - w. Let u be s(-3). Suppose -2*g = -2 - u. What are the prime factors of g?
11
Let i(s) = s**3 + 6*s**2 + 5*s + 1. Let j be i(-5). Let v(d) = 31*d - 1. List the prime factors of v(j).
2, 3, 5
Let o(u) = u**2 - 3*u - 7. Let w(i) = i + 0 + 0*i + 2. Let j be w(3). List the prime factors of o(j).
3
Suppose -3*s - 11 - 12 = 2*o, -2*s - 18 = 2*o. Let m be (-46)/2*o/(-4). Let p = -12 - m. What are the prime factors of p?
11
Suppose 0 = -z - 5*i + 13 + 14, -3*z + 5*i = -61. Let h = 25 - z. What are the prime factors of h?
3
Let b = 3 - 3. Suppose 0 = -i - 4*q + 14, b*i + 2*i = -3*q + 3. Let k = i + 16. What are the prime factors of k?
2, 5
Suppose 2*y = -0*y + 5*q + 20, 3*y = 4*q + 16. Suppose g = -y*g + 5. What are the prime factors of g?
5
List the prime factors of ((-30)/(-20))/((-3)/(-160)).
2, 5
Let k be ((-9)/2)/((-5)/10). Let g = k + -7. Suppose -g*y - 38 = -v + 2*y, 0 = 5*v - 2*y - 100. What are the prime factors of v?
2, 3
Let p(h) = -h**3 - 14*h**2 - 2*h + 12. List the prime factors of p(-14).
2, 5
Let f(c) = -2*c - 8. Let k be f(-6). Suppose l = -3*q + 11 - 3, -24 = -4*l - k*q. What are the prime factors of l?
5
Let l(c) = -2*c**3 + 13*c**2 - 3*c - 12. What are the prime factors of l(5)?
2, 3
Let g be (-4)/(-22) + (-104)/88. Let p(l) = -25*l. List the prime factors of p(g).
5
Let c be 21/6 - 2/(-4). Suppose 3*p = -3 - 0. Let z = c + p. What are the prime factors of z?
3
Let o = -163 - -283. What are the prime factors of o?
2, 3, 5
Let y(j) = j**3 - 5*j**2 - 7*j + 8. Let p be y(6). Suppose -3*c + p*g + 47 = 0, -c + 21 = -0*c - 2*g. List the prime factors of c.
13
Suppose -4*y + 3*r + 8 = 0, 0 = -5*y + 6*r - r + 10. List the prime factors of y.
2
Suppose 26 = -4*w - 2*f, -w = 2*w - 4*f +